 - 8325. Let a be k(18). Calculate the highest common factor of 22 and a.
11
Let r(d) = -13*d + 51. Let a be r(4). Let j be (-3)/a - (9 + -32). What is the highest common divisor of 169 and j?
13
Let j(x) = -17*x + 18*x + 14 + 2*x. Let w be j(-3). What is the highest common divisor of 19 and w?
1
Let t = -366 - -682. Suppose -2*u + 2*i = -t, -6*u = -4*u - 5*i - 328. Let o(f) = 2*f**2 + f - 1. Let d be o(-3). What is the greatest common factor of d and u?
14
Suppose 2*y - 68 = -0*y. Let g = -32 + y. Suppose 135 = g*h + 3*h. What is the greatest common divisor of 9 and h?
9
Suppose w = -0*w + 16. Suppose -v + 1118 = 2*a + 1031, 0 = -3*a + 3*v + 63. Calculate the greatest common factor of a and w.
4
Suppose -172*r + 229 = -146*r + 73. What is the highest common divisor of r and 9582?
6
Let b be (88/(-14) - -6) + 28256/112. Calculate the highest common divisor of b and 16.
4
Let y = 765 - 754. Suppose y*w = 78 - 34. Let b(k) = -k**3 - k**2 + k + 16. Let n be b(0). What is the greatest common divisor of w and n?
4
Let g = -141 + 253. Suppose 140 = 116*p - g*p. What is the highest common divisor of p and 595?
35
Suppose 5*o - 4*o - 111 = 0. Let h = -89 + o. What is the highest common divisor of 132 and h?
22
Suppose -2*q = 4*b - 10860, -4*b = 35*q - 37*q - 10852. What is the greatest common factor of b and 46?
46
Let z(n) = 45*n - 666. Let q be z(20). Calculate the highest common factor of q and 91.
13
Suppose 0 = 2*r + 4, 0*o - 5*o = -5*r - 885. Let g(j) = j**3 + 12*j**2 - 2688*j - 21655. Let m be g(-8). What is the greatest common divisor of m and o?
35
Let f(h) = -27 - 8*h - 28 + 2 + 1. Let u be f(-7). Let b be (u/(-8) - -1)*112. Calculate the greatest common divisor of 42 and b.
14
Let o = -488 + 397. Let k = 120 + o. What is the greatest common divisor of 1 and k?
1
Let m be -1 - 0 - (387/(-4) + (-20)/80). What is the highest common factor of m and 996?
12
Suppose -64 = -18*u + 134. Suppose 17*s - 372 = u*s. Calculate the highest common factor of 217 and s.
31
Let c(r) = 12*r**2 + 8*r + 131. Let g be c(-8). Let a = -339 + g. What is the highest common factor of a and 186?
62
Let m(a) = -a**2 + a + 1896. Let w be m(0). Let c be (10/(-125))/(326/(-48900)). What is the highest common factor of w and c?
12
Suppose 93*o - 87171 = -5*o + 90699. Calculate the greatest common divisor of o and 1320.
165
Suppose 48*g = 49*g - 4. Suppose 4*j = -20, g*j + 99 = -5*t + 919. What is the greatest common factor of t and 48?
24
Suppose 6*s - 26 = 202. Suppose 3*m = -z + 171, 0 = 5*z - 3*m - 170 - 685. What is the greatest common factor of z and s?
19
Let x be (-2 + 4)*(-286)/(-4) - 8/(-2). Calculate the greatest common divisor of 189 and x.
21
Let m = -6138 - -8985. Calculate the greatest common divisor of 146 and m.
73
Suppose -4*z - 11*c = -6*c - 293, 3*z - 216 = -3*c. Suppose -z = -29*i + 194. Let a = 203 + -104. Calculate the greatest common divisor of a and i.
9
Suppose 2*p + 15 = 80 + 71. Calculate the greatest common factor of 60 and p.
4
Let h(g) = 27*g - 3851. Let m be h(148). Calculate the highest common divisor of 26245 and m.
145
Let m = -544868 + 545479. Suppose -17 = 5*g - 82. What is the highest common divisor of m and g?
13
Let r be 12/(-14) - (-3960)/6237 - (-3460)/18. Calculate the greatest common divisor of r and 87.
3
Let t be (-81)/(-4)*4 - 3. What is the highest common factor of 1781 and t?
13
Suppose 8*s - 1 = 127. Suppose 0 = -x - s + 24. What is the greatest common divisor of x and 56?
8
Let i = -33926 - -33972. What is the highest common divisor of 10718 and i?
46
Let s(h) = h**3 - h**2 - 3*h + 7. Let z be s(5). Let l(r) = -28*r - 5615. Let c be l(-203). Calculate the greatest common divisor of z and c.
23
Let i(x) = -2*x**2 - 4*x + 2*x**2 + 31 + x**2 - 15*x. Let y be i(15). Let n = -23 - y. What is the greatest common divisor of 6 and n?
6
Suppose 0 = 28*l - l - 81. Suppose -h + 5 = l, 112 = 5*v - 4*h. Calculate the greatest common factor of 8 and v.
8
Let y(g) = -g**3 + 7*g**2 - 5*g + 13. Let s be y(3). Suppose -891 = -9*h + 1251. What is the greatest common divisor of s and h?
34
Suppose 0 = -4*n + a + 83, a + 3*a - 88 = -4*n. Suppose 29 = -2*d + n, 2*b + d = 528. Calculate the highest common divisor of 42 and b.
14
Let z = -1635 - -1930. What is the greatest common divisor of z and 32155?
295
Let s = -6614 + 6670. Calculate the highest common factor of 472 and s.
8
Let i(s) = -3*s**2 + 88*s + 160. Let d be i(31). Calculate the greatest common divisor of 3235 and d.
5
Suppose -26*n + 804 + 444 = 0. What is the highest common divisor of 348 and n?
12
Suppose 88*n - 956 - 100 = 0. Calculate the highest common divisor of 1152 and n.
12
Let r(q) = 4*q**2 + 11*q + 792. Let j be r(-24). Calculate the greatest common factor of j and 826.
118
Let v(c) = -4 + c**2 + 28*c - 26*c + 22. Let y be v(6). Calculate the highest common factor of 22 and y.
22
Suppose -48*w + 130*w - 69782 = 0. Calculate the highest common divisor of w and 111.
37
Suppose -11739 = -8*k + k. Calculate the greatest common divisor of k and 78.
39
Suppose 3*i = y - 60, -2*i + 296 = 4*y - 0*i. Let l = y + 87. Suppose 2*n + m + l = 4*n, 0 = 5*n + 3*m - 403. Calculate the greatest common factor of n and 20.
20
Let n = 26354 - 25844. Calculate the highest common factor of n and 3.
3
Suppose -4*j = 1013 + 495. Let o = -197 - j. Calculate the highest common divisor of 20 and o.
20
Let j = -483 + 301. Let f = -176 - j. What is the highest common divisor of 15 and f?
3
Let b = -15 + 6. Let p be 4 - (b + 4 + -17). Let d = 9 + p. Calculate the greatest common divisor of d and 7.
7
Let u be -2 + (2 + 8/4 - 2). Suppose 0 = -u*b - 4*b + 1044. Calculate the greatest common divisor of 9 and b.
9
Let a(q) = -30*q**2 - 2*q + 3. Let j be a(-4). Let o = j + 733. Let i be (5 - -1)/((39/429)/(1/2)). Calculate the greatest common factor of i and o.
33
Let w be (52/10)/13 + (-590)/(-25). Calculate the greatest common divisor of 5808 and w.
24
Let z be (-65)/(-5) + -6 - -2724 - 6/2. What is the highest common factor of 3224 and z?
248
Let t be (60/(-8) + (-7 - 3))/(2/(-12)). Let r = 32 - 17. What is the highest common factor of t and r?
15
Suppose 17 = -3*t + 26, 0 = 4*i + t + 49. Let l(r) = 5*r + 141. Let z be l(i). What is the greatest common divisor of 247 and z?
19
Suppose 0 = 5*u - 2*u - 57. Suppose 15*r - 84*r - 60*r = -71079. Calculate the greatest common divisor of u and r.
19
Suppose -4*y - 5*v + 103 = 0, 0 = -5*v + 2*v - 3. Let s = -18980 + 19007. Calculate the greatest common factor of y and s.
27
Let s = 8491 - 8433. Suppose 5*j + 0*j - 5510 = 0. Calculate the highest common divisor of s and j.
58
Let l be (-1366)/(-4) - (-18)/(-12). Let n = -292 + l. Calculate the highest common divisor of 6 and n.
6
Let t be (-3 + 42/12)*-2944. Let b = -800 - t. Calculate the highest common divisor of 21 and b.
21
Let z = -13688 - -13930. Calculate the highest common factor of 594 and z.
22
Let q(r) = 24*r**2 + 12*r + 25. Let l be q(-8). Calculate the greatest common factor of 10 and l.
5
Let x(h) = 2*h**2 - 15*h - 1180. Let q be x(52). What is the greatest common factor of 8 and q?
8
Suppose -3*g + g - 10 = -5*v, 4*v = 2*g + 6. Suppose 0 = -q + 4, -d + q - v = -8. What is the greatest common divisor of d and 52?
4
Suppose 164*m + 42*m - 67799 - 21193 = 0. What is the greatest common divisor of 4 and m?
4
Let l(y) = 53*y - 58. Let j be l(15). Calculate the highest common factor of 201 and j.
67
Let f(d) = 46*d - 804. Let r be f(19). Calculate the greatest common divisor of 1530 and r.
10
Let j be (-8)/16*(2 + -6*1). Suppose -j*o - 3*o = -320. What is the greatest common divisor of o and 80?
16
Suppose 2*a - 802 = 8*a - 9598. Calculate the highest common factor of 2 and a.
2
Let l be (-4)/((19198/3250 - 6) + (-2)/(-26)). Calculate the greatest common divisor of 170 and l.
10
Let x(m) = -6*m + 5 - m**2 + 3 - 14. Let h be x(-4). Let q be (-18)/(h - 5) + 0. Calculate the greatest common factor of 30 and q.
6
Suppose -2*u + 665 = 2*u - 5*a, -4*u + 625 = 3*a. Suppose -48*p + 1473 = -1599. Calculate the greatest common divisor of p and u.
32
Let w(q) = 191*q**3 + q**2 - 2. Let f be w(2). Suppose -6*o = -o. Suppose o = -7*u + u + f. What is the greatest common factor of 17 and u?
17
Suppose -182157 = -2